{"id":735,"date":"2013-12-31T20:53:42","date_gmt":"2013-12-31T19:53:42","guid":{"rendered":"http:\/\/kontrol.rs\/?page_id=735"},"modified":"2013-12-31T21:00:34","modified_gmt":"2013-12-31T20:00:34","slug":"usluge-2","status":"publish","type":"page","link":"https:\/\/kontrol.rs\/?page_id=735","title":{"rendered":"Usluge"},"content":{"rendered":"<h3><img decoding=\"async\" loading=\"lazy\" class=\"alignleft\" alt=\"\" src=\"http:\/\/kontrol.rs\/images\/DITEC\/ditec.jpg\" width=\"157\" height=\"266\" \/>Asortiman usluga &#8230;<\/h3>\n<p>Obzirom na stru\u010dnu osposobljenost i radno iskustvo zaposlenih i spoljnih saradnika u prilici smo da Vam ponudimo slede\u0107e vrste usluga :<\/p>\n<p><strong>\u00b0 RA\u010cUNARSKO TELEKOMUNIKACIONE MRE\u017dE \u00b0<\/strong><br \/>\n&#8211; projektovanje , izvo\u0111enje , testiranje i sertifikacija RTM CAT5e i CAT6<br \/>\n&#8211; projektovanje i izvo\u0111enje wireless RTM <a href=\"http:\/\/www.ubnt.com\">opremom<\/a> vrhunskog kvaliteta<br \/>\n&#8211; servisiranje , unapre\u0111enje i odr\u017eavanje postoje\u0107ih RTM <a href=\"http:\/\/kontrol.rs\/mreze.html\"><img decoding=\"async\" loading=\"lazy\" alt=\"Mre\u017ee\" src=\"http:\/\/kontrol.rs\/images\/minimore.gif\" width=\"53\" height=\"18\" border=\"0\" \/><\/a><\/p>\n<p><strong>\u00b0 ANALOGNI \/ DIGITALNI SISTEMI VIDEO NADZORA \u00b0<\/strong><br \/>\n&#8211; projektovanje i izvo\u0111enje analognih , IP i <a href=\"http:\/\/kontrol.rs\/doc\/NUUO_brosura.pdf\" target=\"_blank\">hibridnih<\/a> sistema video nadzora<br \/>\n&#8211; servisiranje , unapre\u0111enje i odr\u017eavanje postoje\u0107ih sistema video nadzora<br \/>\n&#8211; omogu\u0107avanje daljinskog nadzora putem Interneta i 3G mre\u017ee<br \/>\n&#8211; <strong>NOVO <\/strong>u ponudi : najnoviji trosistemski ili tzv TriBRID sistemi video nadzora renomiranog tajvanskog proizvo\u0111a\u010da NUUO &#8230; <a href=\"http:\/\/kontrol.rs\/NUUO_Tribrid.html\"><img decoding=\"async\" loading=\"lazy\" alt=\"\" src=\"http:\/\/kontrol.rs\/images\/minimore.gif\" width=\"53\" height=\"18\" border=\"0\" \/><\/a><br \/>\n&#8211; <strong>HD SDI <\/strong>sistemi video nadzora po neverovatnim cenama &#8230; <a href=\"http:\/\/kontrol.rs\/HDSDI_video.html\"><img decoding=\"async\" loading=\"lazy\" alt=\"\" src=\"http:\/\/kontrol.rs\/images\/minimore.gif\" width=\"53\" height=\"18\" border=\"0\" \/><\/a><\/p>\n<p><strong>\u00b0 ALARMNI SISTEMI \u00b0<\/strong><br \/>\n&#8211; projektovanje i izvo\u0111enje najsavremenijih analogno \/ digitalnih alarmnih sistema baziranih na proizvodima kanadske kompanije <a href=\"http:\/\/www.paradox.ca\" target=\"_blank\">PARADOX<\/a> sa opcijama za kontrolu pristupa i HOME AUTOMATION<br \/>\n&#8211; servisiranje , unapre\u0111enje i odr\u017eavanje postoje\u0107ih sistema<\/p>\n<p><strong>\u00b0 KONTROLA PRISTUPA I RADNOG VREMENA \u00b0<\/strong><br \/>\n&#8211; savremeni RS232\/RS485\/IP sistemi za kontrolu pristupa i evidenciju radnog vremena , bazirani na samostalnim ili multifunkcijskim umre\u017eenim kontrolerima kompanije IDTECK , na bazi kartica , tagova ili otisaka <a href=\"http:\/\/kontrol.rs\/access.html\"><img decoding=\"async\" loading=\"lazy\" alt=\"\" src=\"http:\/\/kontrol.rs\/images\/minimore.gif\" width=\"53\" height=\"18\" border=\"0\" \/><\/a><\/p>\n<p>\u00b0 <strong>KU\u0106NE TELEFONSKE CENTRALE<\/strong> \u00b0<br \/>\n&#8211; odr\u017eavanje postoje\u0107ih ku\u0107nih telefonskih centrala i instalacija<br \/>\n&#8211; projektovanje i izvo\u0111enje najsavremenijih ku\u0107nih telefonskih sistema opremom kompanija Panasonic &#8230; <a href=\"http:\/\/kontrol.rs\/pbx.html\"><img decoding=\"async\" loading=\"lazy\" alt=\"\" src=\"http:\/\/kontrol.rs\/images\/minimore.gif\" width=\"53\" height=\"18\" border=\"0\" \/><\/a><br \/>\n&#8211; <strong>NOVO <\/strong>u ponudi : IP telefonske centrale i SIP telefonski aparati po izuzetno povoljnim cenama sa neverovatnim mogu\u0107nostima &#8230; <a href=\"http:\/\/kontrol.rs\/YS.html\"><img decoding=\"async\" loading=\"lazy\" alt=\"\" src=\"http:\/\/kontrol.rs\/images\/minimore.gif\" width=\"53\" height=\"18\" border=\"0\" \/><\/a><\/p>\n<p>\u00b0 <strong>SISTEMI JAVNOG OZVU\u010cENJA <\/strong> \u00b0 <a href=\"http:\/\/kontrol.rs\/PA_audio.html\"><img decoding=\"async\" loading=\"lazy\" alt=\"\" src=\"http:\/\/kontrol.rs\/images\/minimore.gif\" width=\"53\" height=\"18\" border=\"0\" \/><\/a><br \/>\n&#8211; projektovanje i izvo\u0111enje sistema javnog ozvu\u010denja ( Public address audio )<br \/>\n&#8211; servisiranje , pro\u0161irenje , unapre\u0111enje i odr\u017eavanje postoje\u0107ih sistema<\/p>\n<p>\u00b0 AUTOMATIZACIJA KAPIJA \u00b0<br \/>\n&#8211; isporuka i ugradnja opreme i sistema za upravljanje krilnim i kliznim kapijama<br \/>\n&#8211; servisiranje i odr\u017eavanje postoje\u0107ih sistema sa bazom uputstava &#8230; <a href=\"http:\/\/kontrol.rs\/kapije.html\"><img decoding=\"async\" loading=\"lazy\" alt=\"\" src=\"http:\/\/kontrol.rs\/images\/minimore.gif\" width=\"53\" height=\"18\" border=\"0\" \/><\/a><\/p>\n","protected":false},"excerpt":{"rendered":"<p>Asortiman usluga &#8230; Obzirom na stru\u010dnu osposobljenost i radno iskustvo zaposlenih i spoljnih saradnika u prilici smo da Vam ponudimo slede\u0107e vrste usluga : \u00b0 RA\u010cUNARSKO TELEKOMUNIKACIONE MRE\u017dE \u00b0 &#8211; projektovanje , izvo\u0111enje , testiranje i sertifikacija RTM CAT5e i &hellip; <a href=\"https:\/\/kontrol.rs\/?page_id=735\">Continue reading <span class=\"meta-nav\">&rarr;<\/span><\/a><\/p>\n","protected":false},"author":1,"featured_media":0,"parent":0,"menu_order":0,"comment_status":"closed","ping_status":"closed","template":"","meta":[],"_links":{"self":[{"href":"https:\/\/kontrol.rs\/index.php?rest_route=\/wp\/v2\/pages\/735"}],"collection":[{"href":"https:\/\/kontrol.rs\/index.php?rest_route=\/wp\/v2\/pages"}],"about":[{"href":"https:\/\/kontrol.rs\/index.php?rest_route=\/wp\/v2\/types\/page"}],"author":[{"embeddable":true,"href":"https:\/\/kontrol.rs\/index.php?rest_route=\/wp\/v2\/users\/1"}],"replies":[{"embeddable":true,"href":"https:\/\/kontrol.rs\/index.php?rest_route=%2Fwp%2Fv2%2Fcomments&post=735"}],"version-history":[{"count":3,"href":"https:\/\/kontrol.rs\/index.php?rest_route=\/wp\/v2\/pages\/735\/revisions"}],"predecessor-version":[{"id":868,"href":"https:\/\/kontrol.rs\/index.php?rest_route=\/wp\/v2\/pages\/735\/revisions\/868"}],"wp:attachment":[{"href":"https:\/\/kontrol.rs\/index.php?rest_route=%2Fwp%2Fv2%2Fmedia&parent=735"}],"curies":[{"name":"wp","href":"https:\/\/api.w.org\/{rel}","templated":true}]}}