{"id":751,"date":"2014-01-01T22:56:10","date_gmt":"2014-01-01T21:56:10","guid":{"rendered":"http:\/\/kontrol.rs\/?page_id=751"},"modified":"2024-02-05T19:47:38","modified_gmt":"2024-02-05T18:47:38","slug":"kontrol-krusevac","status":"publish","type":"page","link":"https:\/\/kontrol.rs\/","title":{"rendered":"Dobrodo\u0161li &#8230;"},"content":{"rendered":"<p style=\"text-align: justify;\">Osnovne delatnosti SZR KONTROL Kru\u0161evac su pru\u017eanje usluga korisnicima u oblasti projektovanja i izvo\u0111enja strukturnih ra\u010dunarsko telekomunikacionih mre\u017ea i instalacija\u00a0 (CAT5, CAT6 , fiber , wireless ), projektovanja sistema alarmnog i video obezbe\u0111enja , projektovanja , monta\u017ee , programiranja i pu\u0161tanja svih tipova ku\u0107nih telefonskih centrala kompanije <strong>Panasonic<\/strong> , sistema karti\u010dne kontrole prolaza i evidencije radnog vremena , sistema ambijentalnog ozvu\u010denja ( PUBLIC ADDRESS AUDIO ) i sistema za automatizaciju kapija , a sve uz primenu najnovijih tehnolo\u0161kih dostignu\u0107a i upotrebu najkvalitetnijih materijala i opreme . Rezultat ovakvog rada je veliki broj izvedenih instalacija i sistema svih vrsta , koje na obostrano zadovoljstvo rade i dan danas, \u0161to je i najva\u017eniji motiv za nastavak ovakve filozofije izvo\u0111enja radova , a to je KVALITET BEZ KOMPROMISA &#8230; .<\/p>\n<p><strong> NOVOSTI &#8230;<\/strong><\/p>\n<p style=\"text-align: justify;\">Na snagu je stupio novi PRAVILNIK O NA\u010cINU VR\u0160ENJA POSLOVA TEHNI\u010cKE ZA\u0160TITE I KORI\u0160\u0106ENJA TEHNI\u010cKIH SREDSTAVA (&#8220;Sl. glasnik RS&#8221;, br. 91\/2019) , kojim se kona\u010dno precizno defini\u0161e \u0161ta su to poslovi tehni\u010dke za\u0161tite , kako se ista izvodi , koristi i odr\u017eava . Rok za uskla\u0111ivanje sa novim Pravilnikom je 6 meseci , odnosno 02.07.2020.godine . Pravilnik mo\u017ee da se preuzme sa sajta <strong><a href=\"http:\/\/www.mup.gov.rs\/wps\/wcm\/connect\/8e7119fd-5990-4956-a70d-1d7992c8000d\/Pravilnik_poslovi+tehn.+zast.+i+korisc.tehn.+sredst.pdf?MOD=AJPERES&amp;CVID=mZrUBMf\">MUP-a<\/a><\/strong> RS. Vi\u0161e detalja on na\u010dinu organizovanja sektora privatnog obezbe\u0111enja mo\u017eete prona\u0107i <a href=\"http:\/\/www.mup.gov.rs\/wps\/portal\/sr\/!ut\/p\/z0\/04_Sj9CPykssy0xPLMnMz0vMAfIjo8zi_S19zQzdDYy83c1cjQwcA80tXbxdLYwtPAz0g4uL4oOC45V9Ekvy9AuyHRUBMZXJpA!!\/?1dmy&amp;urile=wcm%3Apath%3A\/public_latin\/baner\/baner+sadrzaj\/privatno+obezbedjenje+i+detektivska+delatnost\"><strong>ovde<\/strong><\/a><\/p>\n<p style=\"text-align: center;\"><img decoding=\"async\" loading=\"lazy\" class=\"size-full wp-image-1468 alignnone\" src=\"http:\/\/kontrol.rs\/wp-content\/uploads\/2020\/02\/Horisontal_Bar.jpg\" alt=\"\" width=\"507\" height=\"18\" border=\"0\" srcset=\"https:\/\/kontrol.rs\/wp-content\/uploads\/2020\/02\/Horisontal_Bar.jpg 507w, https:\/\/kontrol.rs\/wp-content\/uploads\/2020\/02\/Horisontal_Bar-300x11.jpg 300w, https:\/\/kontrol.rs\/wp-content\/uploads\/2020\/02\/Horisontal_Bar-500x18.jpg 500w\" sizes=\"(max-width: 507px) 100vw, 507px\" \/><\/p>\n<p>PRIORITENO odr\u017eavanje IKT sistema sa zagarantovanim vremenom odziva\u00a0 &#8211; \u0161ta podrazumeva , koje benefite donosi i kako se implementira , mo\u017eete saznati <a href=\"http:\/\/kontrol.rs\/?page_id=1328\"><strong>OVDE<\/strong> <\/a>&#8230;<\/p>\n<p><img decoding=\"async\" loading=\"lazy\" class=\"size-full wp-image-1468 aligncenter\" src=\"http:\/\/kontrol.rs\/wp-content\/uploads\/2020\/02\/Horisontal_Bar.jpg\" alt=\"\" width=\"507\" height=\"18\" border=\"0\" srcset=\"https:\/\/kontrol.rs\/wp-content\/uploads\/2020\/02\/Horisontal_Bar.jpg 507w, https:\/\/kontrol.rs\/wp-content\/uploads\/2020\/02\/Horisontal_Bar-300x11.jpg 300w, https:\/\/kontrol.rs\/wp-content\/uploads\/2020\/02\/Horisontal_Bar-500x18.jpg 500w\" sizes=\"(max-width: 507px) 100vw, 507px\" \/><\/p>\n<p style=\"text-align: justify;\">Po\u010detkom primene novog Zakona o za\u0161titi podataka o li\u010dnosti (&#8220;Sl.glasnik RS&#8221; br. 87\/2018 od 13.11.2018.), dana 22.8.2019. godine, za rukovaoce podataka prestaju obaveze koje su proisticale iz primene starog Zakona o za\u0161titi podataka o li\u010dnosti (&#8220;Sl.glasnik RS&#8221; 97\/08,104\/09-dr.zakon, 68\/12 -odluka US i 107\/12), i to: vo\u0111enje i a\u017euriranja evidencija o obradi (\u010dlan 48.), obaveza dostavl\u0458anja Povereniku obave\u0161tenja o nameri uspostavl\u0458anja zbirke podataka, pre zapo\u010dinjanja obrade, odnosno uspostavl\u0458anja zbirke podataka (\u010dlan 49.) obaveza dostavl\u0458anja Povereniku evidencija o zbirkama podataka, odnosno o promenama u tim evidencijama (\u010dlan 51. stav .1.). Iz napred navedenih razloga, na internet stranici Poverenika na adresi www.poverenik.rs, vi\u0161e nije dostupna veb \u2013 aplikacija putem koje su rukovaoci izvr\u0161avali pojedine od gore navedenih zakonskih obaveza.<\/p>\n<p style=\"text-align: center;\"><img decoding=\"async\" loading=\"lazy\" class=\"size-full wp-image-1468 alignnone\" src=\"http:\/\/kontrol.rs\/wp-content\/uploads\/2020\/02\/Horisontal_Bar.jpg\" alt=\"\" width=\"507\" height=\"18\" border=\"0\" srcset=\"https:\/\/kontrol.rs\/wp-content\/uploads\/2020\/02\/Horisontal_Bar.jpg 507w, https:\/\/kontrol.rs\/wp-content\/uploads\/2020\/02\/Horisontal_Bar-300x11.jpg 300w, https:\/\/kontrol.rs\/wp-content\/uploads\/2020\/02\/Horisontal_Bar-500x18.jpg 500w\" sizes=\"(max-width: 507px) 100vw, 507px\" \/><\/p>\n<p style=\"text-align: justify;\">\u00a0<a href=\"http:\/\/www.poverenik.rs\/yu\/model-zakona-o-zatiti-podataka-o-linosti.html\" target=\"_blank\" rel=\"noopener\"><img decoding=\"async\" loading=\"lazy\" class=\"  alignleft wp-image-1343 size-full\" src=\"http:\/\/kontrol.rs\/wp-content\/uploads\/2014\/01\/model-zakona-baner-lat.jpg\" alt=\"\" width=\"200\" height=\"65\" \/><\/a><strong>Poverenik<\/strong> za informacije od javnog zna\u010daja i za\u0161titu podataka o li\u010dnosti je pripremio novi Model zakona o za\u0161titi podataka o li\u010dnosti, uskla\u0111en sa aktuelnim standardima relevantnih evropskih dokumenata, a prvenstveno sa Op\u0161tom uredbom o za\u0161titi podataka o li\u010dnosti, i otvorio javnu raspravu o njemu&#8230;.<\/p>\n<p style=\"text-align: center;\"><img decoding=\"async\" loading=\"lazy\" class=\"size-full wp-image-1468 alignnone\" src=\"http:\/\/kontrol.rs\/wp-content\/uploads\/2020\/02\/Horisontal_Bar.jpg\" alt=\"\" width=\"507\" height=\"18\" border=\"0\" srcset=\"https:\/\/kontrol.rs\/wp-content\/uploads\/2020\/02\/Horisontal_Bar.jpg 507w, https:\/\/kontrol.rs\/wp-content\/uploads\/2020\/02\/Horisontal_Bar-300x11.jpg 300w, https:\/\/kontrol.rs\/wp-content\/uploads\/2020\/02\/Horisontal_Bar-500x18.jpg 500w\" sizes=\"(max-width: 507px) 100vw, 507px\" \/><\/p>\n<p style=\"text-align: justify;\"><a href=\"http:\/\/www.ekapija.com\/news\/1888222\/nema-postavljanja-kamera-bez-procene-rizika-nova-bezbednosna-pravila-i-za-fabrike\" target=\"_blank\" rel=\"noopener\"><img decoding=\"async\" loading=\"lazy\" class=\"  alignleft wp-image-1346 size-full\" src=\"http:\/\/kontrol.rs\/wp-content\/uploads\/2014\/01\/risk.jpg\" alt=\"\" width=\"150\" height=\"130\" \/><\/a><strong>NEMA NOVIH SISTEMA TEHNI\u010cKE ZA\u0160TITE BEZ PROCENE RIZIKA\u00a0<\/strong> Novi <b>Zakon o privatnom obezbe\u0111enju<\/b> i podzakonski akti koji ga prate, doneli su mnogobrojne novine . Jedna od njih jeste i obaveza procene rizika u za\u0161titi lica, imovine i poslovanja, koju objekti poput velikih tr\u017enih centara, autobuskih stanica, fabrika, sportskih dvorana i hala, ali i objekata vodoprivrede, energetike i saobra\u0107aja, moraju da izrade najkasnije do sredine decembra 2017.<\/p>\n<p><img decoding=\"async\" loading=\"lazy\" class=\"size-full wp-image-1468 alignnone aligncenter\" src=\"http:\/\/kontrol.rs\/wp-content\/uploads\/2020\/02\/Horisontal_Bar.jpg\" alt=\"\" width=\"507\" height=\"18\" border=\"0\" srcset=\"https:\/\/kontrol.rs\/wp-content\/uploads\/2020\/02\/Horisontal_Bar.jpg 507w, https:\/\/kontrol.rs\/wp-content\/uploads\/2020\/02\/Horisontal_Bar-300x11.jpg 300w, https:\/\/kontrol.rs\/wp-content\/uploads\/2020\/02\/Horisontal_Bar-500x18.jpg 500w\" sizes=\"(max-width: 507px) 100vw, 507px\" \/><\/p>\n<p style=\"text-align: justify;\"><strong>\u00a0<\/strong><a href=\"http:\/\/kontrol.rs\/?page_id=1108\"><img decoding=\"async\" loading=\"lazy\" class=\"alignleft  wp-image-1123\" src=\"http:\/\/kontrol.rs\/wp-content\/uploads\/2014\/01\/HTC.front_.jpg\" alt=\"HTC.front\" width=\"107\" height=\"216\" \/><\/a>Imate vikendicu ili apartman daleko od mesta stanovanja i \u017eelite da osim alamnog sistema na objektu imate opciju daljinskog aktiviranja svetla , sistema za grejanje , hla\u0111enje , irigaciju ili bilo kog drugog sistema za upravljanje ? \u017delite da pre dolaska na objekat uklju\u010dite grejanje ili hla\u0111enje ili \u017eelite da znate kada su na objektu dostignute minimalne ili maksimalne zadate vrednosti temperatura ( ta\u010dka mr\u017enjenja ili pune zagrejanosti objekta ) ? <a href=\"http:\/\/kontrol.rs\/?page_id=1108\"><strong>Pogledajte<\/strong><\/a> na koji na\u010din mo\u017eete da upravljate Va\u0161om nekretninom , na vrlo jeftin , povoljan i komforan na\u010din .<\/p>\n<p style=\"text-align: center;\"><img decoding=\"async\" loading=\"lazy\" class=\"size-full wp-image-1468 alignnone\" src=\"http:\/\/kontrol.rs\/wp-content\/uploads\/2020\/02\/Horisontal_Bar.jpg\" alt=\"\" width=\"507\" height=\"18\" border=\"0\" srcset=\"https:\/\/kontrol.rs\/wp-content\/uploads\/2020\/02\/Horisontal_Bar.jpg 507w, https:\/\/kontrol.rs\/wp-content\/uploads\/2020\/02\/Horisontal_Bar-300x11.jpg 300w, https:\/\/kontrol.rs\/wp-content\/uploads\/2020\/02\/Horisontal_Bar-500x18.jpg 500w\" sizes=\"(max-width: 507px) 100vw, 507px\" \/><\/p>\n<p style=\"text-align: justify;\"><img decoding=\"async\" loading=\"lazy\" class=\"alignleft size-full wp-image-1078\" src=\"http:\/\/kontrol.rs\/wp-content\/uploads\/2014\/01\/3g.internet.jpg\" alt=\"3g.internet\" width=\"586\" height=\"165\" srcset=\"https:\/\/kontrol.rs\/wp-content\/uploads\/2014\/01\/3g.internet.jpg 586w, https:\/\/kontrol.rs\/wp-content\/uploads\/2014\/01\/3g.internet-300x84.jpg 300w, https:\/\/kontrol.rs\/wp-content\/uploads\/2014\/01\/3g.internet-500x141.jpg 500w\" sizes=\"(max-width: 586px) 100vw, 586px\" \/>Udaljena lokacija i pristup preko 4G modema ?<span style=\"color: #ff0000;\"><a href=\"http:\/\/kontrol.rs\/?page_id=1068\"> Imamo re\u0161enje &#8230;<\/a><\/span><\/p>\n<p style=\"text-align: justify;\"><img decoding=\"async\" loading=\"lazy\" class=\"size-full wp-image-1468 aligncenter\" src=\"http:\/\/kontrol.rs\/wp-content\/uploads\/2020\/02\/Horisontal_Bar.jpg\" alt=\"\" width=\"507\" height=\"18\" border=\"0\" srcset=\"https:\/\/kontrol.rs\/wp-content\/uploads\/2020\/02\/Horisontal_Bar.jpg 507w, https:\/\/kontrol.rs\/wp-content\/uploads\/2020\/02\/Horisontal_Bar-300x11.jpg 300w, https:\/\/kontrol.rs\/wp-content\/uploads\/2020\/02\/Horisontal_Bar-500x18.jpg 500w\" sizes=\"(max-width: 507px) 100vw, 507px\" \/><a href=\"http:\/\/kontrol.rs\/?page_id=1018\"><img decoding=\"async\" loading=\"lazy\" class=\"alignleft size-full wp-image-1050\" src=\"http:\/\/kontrol.rs\/wp-content\/uploads\/2014\/01\/CCA1.jpg\" alt=\"CCA1\" width=\"300\" height=\"285\" \/><\/a><\/p>\n<p style=\"text-align: justify;\"><strong>CCA i CCS <\/strong> utp kablovi prisutni su na tr\u017ei\u0161tu ve\u0107 nekoliko godina , bez jasnih detalja o posledicama sa kojima se mo\u017eemo suo\u010diti upotrebom navedenih tipova kablova u strukturnom kabliranju , naro\u010dito u segmentu upotrebe opreme koja energiju za rad dobija putem UTP kabla ( PoE ure\u0111aji ) i posebno ure\u0111aja koji rade napolju\u00a0 .<strong><a href=\"http:\/\/kontrol.rs\/?page_id=1018\">Saznajte vi\u0161e o ovoj temi &#8230;<\/a><\/strong><\/p>\n<p style=\"text-align: center;\"><img decoding=\"async\" loading=\"lazy\" class=\"size-full wp-image-1468 alignnone\" src=\"http:\/\/kontrol.rs\/wp-content\/uploads\/2020\/02\/Horisontal_Bar.jpg\" alt=\"\" width=\"507\" height=\"18\" border=\"0\" srcset=\"https:\/\/kontrol.rs\/wp-content\/uploads\/2020\/02\/Horisontal_Bar.jpg 507w, https:\/\/kontrol.rs\/wp-content\/uploads\/2020\/02\/Horisontal_Bar-300x11.jpg 300w, https:\/\/kontrol.rs\/wp-content\/uploads\/2020\/02\/Horisontal_Bar-500x18.jpg 500w\" sizes=\"(max-width: 507px) 100vw, 507px\" \/><\/p>\n<p style=\"text-align: justify;\"><a href=\"http:\/\/kontrol.rs\/?page_id=971\"><img decoding=\"async\" loading=\"lazy\" class=\"  wp-image-976 alignleft\" src=\"http:\/\/kontrol.rs\/wp-content\/uploads\/2015\/06\/dvb-t2.jpg\" alt=\"DVB T2 ...\" width=\"259\" height=\"83\" \/><\/a>Saznajte sve ono \u0161to vam treba za\u00a0 neometan i stabilan\u00a0 prijem digitalnog TV signala &#8230;<\/p>\n<p style=\"text-align: center;\"><img decoding=\"async\" loading=\"lazy\" class=\"size-full wp-image-1468 alignnone\" src=\"http:\/\/kontrol.rs\/wp-content\/uploads\/2020\/02\/Horisontal_Bar.jpg\" alt=\"\" width=\"507\" height=\"18\" border=\"0\" srcset=\"https:\/\/kontrol.rs\/wp-content\/uploads\/2020\/02\/Horisontal_Bar.jpg 507w, https:\/\/kontrol.rs\/wp-content\/uploads\/2020\/02\/Horisontal_Bar-300x11.jpg 300w, https:\/\/kontrol.rs\/wp-content\/uploads\/2020\/02\/Horisontal_Bar-500x18.jpg 500w\" sizes=\"(max-width: 507px) 100vw, 507px\" \/><\/p>\n<p><a href=\"http:\/\/www.dual.rs\" target=\"_blank\" rel=\"noopener\"><img decoding=\"async\" loading=\"lazy\" class=\" wp-image-1008  alignleft\" src=\"http:\/\/kontrol.rs\/wp-content\/uploads\/2014\/01\/dual.png\" alt=\"Proizvodnja antena i kablovske opreme. DVB-T2 antene i oprema.\" width=\"156\" height=\"58\" \/><\/a>Nabavite odgovaraju\u0107e antene i prate\u0107u opremu za\u00a0 distribuciju antenskih signala kod vode\u0107eg doma\u0107eg proizvo\u0111a\u010da .<\/p>\n<p style=\"text-align: center;\"><img decoding=\"async\" loading=\"lazy\" class=\"size-full wp-image-1468 alignnone\" src=\"http:\/\/kontrol.rs\/wp-content\/uploads\/2020\/02\/Horisontal_Bar.jpg\" alt=\"\" width=\"507\" height=\"18\" border=\"0\" srcset=\"https:\/\/kontrol.rs\/wp-content\/uploads\/2020\/02\/Horisontal_Bar.jpg 507w, https:\/\/kontrol.rs\/wp-content\/uploads\/2020\/02\/Horisontal_Bar-300x11.jpg 300w, https:\/\/kontrol.rs\/wp-content\/uploads\/2020\/02\/Horisontal_Bar-500x18.jpg 500w\" sizes=\"(max-width: 507px) 100vw, 507px\" \/><\/p>\n<p style=\"text-align: justify;\">\u00a0<img decoding=\"async\" loading=\"lazy\" class=\"alignleft size-full wp-image-905\" src=\"http:\/\/kontrol.rs\/wp-content\/uploads\/2015\/01\/paradox.jpg\" alt=\"paradox\" width=\"367\" height=\"42\" srcset=\"https:\/\/kontrol.rs\/wp-content\/uploads\/2015\/01\/paradox.jpg 367w, https:\/\/kontrol.rs\/wp-content\/uploads\/2015\/01\/paradox-300x34.jpg 300w\" sizes=\"(max-width: 367px) 100vw, 367px\" \/>Imate\u00a0 alarmni sistem i \u017eelite da vidite stanje tog sistema u svakom trenutku bez obzira gde se nalazite?\u00a0 Ne \u017eelite vi\u0161e da pla\u0107ate mese\u010dne obaveze prema monitoring centrima koji rade usluge obave\u0161tavanja o stanju sistema ?<br \/>\nTo vi\u0161e nije tehni\u010dki i finansijski nedostupno . Potreban Vam je samo PARADOX alarmni sistem sa modulom za Internet konekciju ili samo modul <strong>IP150 <\/strong>ukoliko ve\u0107 raspola\u017eete odgovaraju\u0107im Paradox alarmnim sistemom . Saznajte <a title=\"Alarmni sistem na Internetu \u2026\" href=\"http:\/\/kontrol.rs\/?page_id=904\">vi\u0161e<\/a> &#8230;<\/p>\n<p style=\"text-align: center;\"><img decoding=\"async\" loading=\"lazy\" class=\"size-full wp-image-1468 alignnone\" src=\"http:\/\/kontrol.rs\/wp-content\/uploads\/2020\/02\/Horisontal_Bar.jpg\" alt=\"\" width=\"507\" height=\"18\" border=\"0\" srcset=\"https:\/\/kontrol.rs\/wp-content\/uploads\/2020\/02\/Horisontal_Bar.jpg 507w, https:\/\/kontrol.rs\/wp-content\/uploads\/2020\/02\/Horisontal_Bar-300x11.jpg 300w, https:\/\/kontrol.rs\/wp-content\/uploads\/2020\/02\/Horisontal_Bar-500x18.jpg 500w\" sizes=\"(max-width: 507px) 100vw, 507px\" \/><\/p>\n<p style=\"text-align: justify;\"><strong>REICHLE &amp; DE-MASSARI<\/strong><br \/>\nProdu\u017eena je licenca za sertifikovanog <strong>OC Installation Manager\u00a0 <\/strong>u okviru R&amp;M QPP partnerskog programa . Detalje mo\u017eete pogledati <a href=\"http:\/\/kontrol.rs\/Doc\/Authorized_Partner_Kontrol_digital.pdf\" target=\"_blank\" rel=\"noopener\">ovde<\/a> .<\/p>\n<p style=\"text-align: justify;\"><img decoding=\"async\" loading=\"lazy\" class=\"alignleft size-medium wp-image-1483\" src=\"http:\/\/kontrol.rs\/wp-content\/uploads\/2021\/12\/RDM.licenca-300x196.jpg\" alt=\"\" width=\"300\" height=\"196\" srcset=\"https:\/\/kontrol.rs\/wp-content\/uploads\/2021\/12\/RDM.licenca-300x196.jpg 300w, https:\/\/kontrol.rs\/wp-content\/uploads\/2021\/12\/RDM.licenca-768x502.jpg 768w, https:\/\/kontrol.rs\/wp-content\/uploads\/2021\/12\/RDM.licenca-1024x669.jpg 1024w, https:\/\/kontrol.rs\/wp-content\/uploads\/2021\/12\/RDM.licenca-459x300.jpg 459w, https:\/\/kontrol.rs\/wp-content\/uploads\/2021\/12\/RDM.licenca.jpg 1036w\" sizes=\"(max-width: 300px) 100vw, 300px\" \/><\/p>\n","protected":false},"excerpt":{"rendered":"<p>Osnovne delatnosti SZR KONTROL Kru\u0161evac su pru\u017eanje usluga korisnicima u oblasti projektovanja i izvo\u0111enja strukturnih ra\u010dunarsko telekomunikacionih mre\u017ea i instalacija\u00a0 (CAT5, CAT6 , fiber , wireless ), projektovanja sistema alarmnog i video obezbe\u0111enja , projektovanja , monta\u017ee , programiranja i &hellip; <a href=\"https:\/\/kontrol.rs\/\">Continue reading <span class=\"meta-nav\">&rarr;<\/span><\/a><\/p>\n","protected":false},"author":1,"featured_media":0,"parent":0,"menu_order":0,"comment_status":"closed","ping_status":"closed","template":"sidebar-page.php","meta":[],"_links":{"self":[{"href":"https:\/\/kontrol.rs\/index.php?rest_route=\/wp\/v2\/pages\/751"}],"collection":[{"href":"https:\/\/kontrol.rs\/index.php?rest_route=\/wp\/v2\/pages"}],"about":[{"href":"https:\/\/kontrol.rs\/index.php?rest_route=\/wp\/v2\/types\/page"}],"author":[{"embeddable":true,"href":"https:\/\/kontrol.rs\/index.php?rest_route=\/wp\/v2\/users\/1"}],"replies":[{"embeddable":true,"href":"https:\/\/kontrol.rs\/index.php?rest_route=%2Fwp%2Fv2%2Fcomments&post=751"}],"version-history":[{"count":85,"href":"https:\/\/kontrol.rs\/index.php?rest_route=\/wp\/v2\/pages\/751\/revisions"}],"predecessor-version":[{"id":1495,"href":"https:\/\/kontrol.rs\/index.php?rest_route=\/wp\/v2\/pages\/751\/revisions\/1495"}],"wp:attachment":[{"href":"https:\/\/kontrol.rs\/index.php?rest_route=%2Fwp%2Fv2%2Fmedia&parent=751"}],"curies":[{"name":"wp","href":"https:\/\/api.w.org\/{rel}","templated":true}]}}